Let q(z) = -2*z**2 - 24*z - 33. What is q(-10)?
7
Let i(h) = -3*h**3 + 2*h**2 - 3*h + 2. Calculate i(1).
-2
Let o(u) = -u**3 - 34*u**2 - u + 31. What is o(-34)?
65
Let b(u) = u**2 - u - 12. Determine b(0).
-12
Let w(s) = 26*s**2 - s + 1. What is w(1)?
26
Let j(r) = -r**3 - 3*r**2 - 10*r - 5. Calculate j(-2).
11
Let h(p) = p**3 + p**2 + p + 39. Determine h(0).
39
Let n(c) = 2*c**2 - 5*c - 5. What is n(5)?
20
Let t(c) = c**3 + 9*c**2 + 12*c + 19. Calculate t(-9).
-89
Let r(c) = c**3 - 11*c**2 - 2*c + 15. Determine r(11).
-7
Let c(j) = -2*j - 5. Determine c(3).
-11
Let y(d) = -3*d - 28. What is y(-10)?
2
Let q(d) = 3*d - 1. What is q(-8)?
-25
Let t(k) = k**2 + 18*k + 74. Calculate t(-7).
-3
Let a(q) = -q**3 + 17*q**2 + 11. Determine a(17).
11
Let c(z) = -9*z**3 - 2*z**2 - 2*z + 1. Give c(-2).
69
Let j(d) = 20*d - 1. Determine j(-2).
-41
Let p(h) = -29*h - 1. Determine p(1).
-30
Let s(n) = 43*n - 348. Calculate s(8).
-4
Let y(b) = -2*b**2 + 37*b + 17. Determine y(20).
-43
Let i(g) = -10*g + 136. What is i(14)?
-4
Let g(h) = h**3 - 9*h**2 - 31*h - 62. What is g(12)?
-2
Let k(s) = -10*s - 54. What is k(-14)?
86
Let g(x) = -x**3 - 9*x**2 - x + 17. Determine g(-7).
-74
Let g(b) = 21*b**3 + 2*b**2 + 2*b. What is g(-1)?
-21
Let p(m) = -4*m**3 + 2*m**2 + 6*m - 7. What is p(1)?
-3
Let w(h) = h**3 - 21*h**2 - 22*h + 22. Calculate w(22).
22
Let m(a) = a**3 + 9*a**2 + a + 2. Give m(-9).
-7
Let x(z) = -z**2 + 21*z - 31. Give x(19).
7
Let d(c) = c**3 - 6*c**2 + 3*c + 7. Determine d(7).
77
Let d(j) = j**3 - 4*j**2 + 2*j + 1. Calculate d(4).
9
Let h(k) = k**3 - 4*k**2 - 4*k + 2. Determine h(4).
-14
Let y(m) = -m**2 + 7*m + 6. Give y(7).
6
Let g(x) = 8*x + 2. What is g(-1)?
-6
Let r(d) = d + 21. What is r(-17)?
4
Let f(g) = -32*g + 5. Determine f(1).
-27
Let f(o) = 13*o - 84. Calculate f(4).
-32
Let s(r) = -r**3 - 18*r**2 - 75*r - 29. Determine s(-12).
7
Let s(a) = -6*a**3 - a**2 - 3*a - 1. Determine s(-1).
7
Let u(l) = -l**3 + 8*l**2 - 5*l - 6. Determine u(7).
8
Let p(d) = -3*d**2 + d - 12. Give p(0).
-12
Let z(t) = 12*t**2 - 299*t - 5. What is z(25)?
20
Let p(k) = 3*k + 18. Determine p(-8).
-6
Let v(j) = -j**2 + 3*j + 18. Give v(6).
0
Let y(a) = -a**2 - 10*a - 15. Calculate y(-15).
-90
Let k(b) = b**3 + 2*b**2 + 2*b - 4. Determine k(-2).
-8
Let y(f) = -f**2 - 25*f - 4. What is y(-27)?
-58
Let n(b) = -6*b**2 + 3*b + 2. What is n(-2)?
-28
Let y(q) = 2*q**2 - 16*q + 29. What is y(3)?
-1
Let n(o) = 3*o**3 - 21*o**2 - 7*o + 1. Determine n(7).
-48
Let g(o) = 2*o + 5. Determine g(-7).
-9
Let v(w) = -w**2 + 4*w + 79. Calculate v(12).
-17
Let u(a) = -3*a**3 + 2*a - 4. Determine u(-3).
71
Let k(l) = -35*l**3 - 2*l**2 + 2*l - 1. Determine k(1).
-36
Let s(o) = -o**3 + 4*o**2 - 4*o + 7. What is s(4)?
-9
Let g(a) = a - 17. Determine g(5).
-12
Let i(k) = -10*k**2 - 420*k - 4. Calculate i(-42).
-4
Let p(b) = b**3 + 3*b**2 - 4*b + 5. What is p(-5)?
-25
Let o(k) = -2*k - 31. Determine o(-13).
-5
Let f(i) = 102*i**2 + 1. Determine f(1).
103
Let n(l) = l**2 - l - 25. Determine n(0).
-25
Let m(n) = 4*n + 3. What is m(-10)?
-37
Let b(r) = -5*r + 46. Determine b(8).
6
Let l(k) = -k**3 - 18*k**2 - 16*k + 8. Give l(-17).
-9
Let s(n) = n**3 + 7*n**2 - 10*n - 12. Determine s(-8).
4
Let n(k) = k**2 + 3*k + 9. Determine n(0).
9
Let h(j) = -6*j - 15. Calculate h(-5).
15
Let p(o) = o**2 - 14*o - 130. What is p(20)?
-10
Let d(x) = 3*x - 18. Determine d(12).
18
Let f(w) = 27*w + 25. Calculate f(-3).
-56
Let i(g) = -g**3 + 20*g**2 - 19*g - 10. Determine i(19).
-10
Let a(p) = -7*p**3 - 5*p**2 - 8*p - 5. What is a(-2)?
47
Let j(h) = 3*h**2 + 21*h + 4. Calculate j(-10).
94
Let f(x) = -x + 9. What is f(6)?
3
Let h(p) = -p**3 + 4*p - 4. Calculate h(-5).
101
Let d(f) = -f**3 - 11*f**2 + 13*f. What is d(-12)?
-12
Let b(u) = u**3 - 7*u**2 - 27*u - 8. Give b(10).
22
Let l(q) = 11*q + 30. What is l(-2)?
8
Let f(k) = k + 16. What is f(15)?
31
Let s(d) = -2*d + 34. Calculate s(7).
20
Let z(r) = r + 12. Determine z(5).
17
Let u(r) = 9*r - 86. What is u(10)?
4
Let j(y) = -91*y - 5. Determine j(-1).
86
Let z(c) = -c**2 - 6*c - 4. Give z(-4).
4
Let m(o) = 20*o - 5. Calculate m(2).
35
Let f(x) = -2*x**2 + 12*x + 43. Determine f(11).
-67
Let a(u) = -u - 65. Give a(-24).
-41
Let z(n) = -4*n - 1. What is z(6)?
-25
Let z(q) = 6*q**3 + q**2 - 4*q - 7. What is z(-2)?
-43
Let t(d) = d**2 - 12*d + 32. What is t(10)?
12
Let g(z) = -5*z - 20. Calculate g(-1).
-15
Let h(m) = -m**3 + 14*m**2 - 5*m - 298. Give h(11).
10
Let p(y) = -16*y - 115. What is p(-10)?
45
Let s(c) = -c. Calculate s(-6).
6
Let h(v) = 2*v + 3. What is h(-12)?
-21
Let j(u) = -3*u**2 + 3*u + 4. Determine j(4).
-32
Let q(x) = 17*x - 1. Calculate q(0).
-1
Let y(h) = -h**3 + 7*h**2 - 8*h + 6. Determine y(5).
16
Let f(r) = -r**2 - 10*r - 19. Determine f(-8).
-3
Let v(j) = -j**3 + 5*j**2 + 3*j + 5. Calculate v(6).
-13
Let a(d) = -7*d**2 - 5*d - 1. Give a(-2).
-19
Let f(u) = u**3 + 9*u**2 - u - 19. Give f(-8).
53
Let a(i) = -3*i**2 + 9*i + 21. What is a(-2)?
-9
Let n(h) = -h**3 - 6*h**2 + 25. Give n(-5).
0
Let v(l) = l**2 + 3*l + 3. What is v(-5)?
13
Let o(f) = f**2 + 22*f + 96. Give o(-16).
0
Let q(l) = l**3 + 3*l - 1. What is q(-3)?
-37
Let h(n) = -n + 1. Determine h(-2).
3
Let j(v) = v**2 - 11*v + 10. Give j(6).
-20
Let k(f) = -f**3 - 5*f**2 + 38*f - 4. What is k(-9)?
-22
Let k(g) = g**3 - 16*g**2 - 18*g + 25. Give k(17).
8
Let x(f) = -5*f**2 + f + 3. Calculate x(-2).
-19
Let a(f) = 2*f**3 + 20*f**2 - 42*f + 61. Determine a(-12).
-11
Let i(t) = 4*t - 22. What is i(7)?
6
Let u(q) = 6*q - 3. Determine u(-3).
-21
Let z(j) = 4*j**2 + 12*j + 6. Determine z(-3).
6
Let x(f) = 2*f**2 + 16*f + 8. Calculate x(-8).
8
Let i(r) = -r**2 - 5*r - 8. Calculate i(-8).
-32
Let d(i) = -2*i - 13. What is d(-3)?
-7
Let n(f) = f + 4. Give n(2).
6
Let o(k) = -k**2 + 4*k. What is o(5)?
-5
Let p(j) = -6*j - 13. Determine p(-3).
5
Let v(b) = b**3 - 7*b**2 + b + 2. What is v(7)?
9
Let s(v) = 4*v - 25. Determine s(4).
-9
Let o(b) = b**3 + 7*b**2 - 11*b + 59. Give o(-9).
-4
Let a(d) = 49*d - 21. What is a(1)?
28
Let z(w) = -10*w**2 - 3*w - 1. Determine z(-1).
-8
Let j(m) = -14*m - 2. Give j(-1).
12
Let a(d) = -d + 11. What is a(7)?
4
Let n(i) = -99*i**2 + i. Give n(-1).
-100
Let t(l) = -l - 8. Give t(0).
-8
Let a(v) = -8*v**2 - 2*v. Determine a(-2).
-28
Let t(v) = -3*v - 51. Give t(-16).
-3
Let r(x) = -x**3 + 5*x**2 + 7*x - 14. Determine r(6).
-8
Let g(b) = 2*b**2 - 6*b - 7. What is g(-5)?
73
Let d(j) = -j**2 - 25*j - 55. What is d(-22)?
11
Let j(x) = 6*x**3 - 2*x**2 + 3*x. Determine j(1).
7
Let x(t) = -21*t - 3. Calculate x(-1).
18
Let j(u) = -2*u + 124. Calculate j(44).
36
Let q(d) = -d. Calculate q(-5).
5
Let y(j) = 5*j**2 + 3*j + 2. What is y(-2)?
16
Let n(z) = -2*z + 48. Give n(22).
4
Let c(r) = 77*r - 1. Determine c(-1).
-78
Let i(k) = k**2 - 3*k + 8. Determine i(4).
12
Let w(y) = 29*y - 1. Give w(-2).
-59
Let w(f) = 4*f - 22. Give w(7).
6
Let w(d) = 4*d - 19. Calculate w(2).
-11
Let i(k) = k**2 + 15*k - 31. Give i(-17).
3
Let z(g) = -g**2 - 36*g + 771. Give z(-51).
6
Let z(v) = 3*v - 14. Calculate z(-9).
-41
Let l(h) = -h**2 - h - 2. Determine l(-1).
-2
Let t(h) = 4*h**3 + 3*h**2 - 1. Determine t(-2).
-21
Let b(i) = 23*i + 9. Give b(-2).
-37
Let u(r) = 6*r + 51. Calculate u(-12).
-21
Let v(h) = h**2 + 20*h + 27. Calculate v(-19).
8
Let u(c) = c**3 - 11*c**2 + 9*c - 9. What is u(10)?
-19
Let f(s) = -s**3 + 8*s**2 - 7*s + 8. Calculate f(7).
8
Let b(t) = -t**3 + 2*t**2 + 6. Calculate b(3).
-3
Let s(f) = -f**3 - 8*f**2 - 18*f - 23. Determine s(-6).
13
Let b(v) = -v**3 + 9*v**2 - 2*v + 12. What is b(9)?
-6
Let l(j) = -j**3 + 16*j**2 + 16*j + 27. What is l(17)?
10
Let y(h) = 11*h**3 + h**2 - h. Determine y(1).
11
Let r(g) = -27*g**3 - g**2 + g - 1. Give r(1).
-28
Let y(p) = -15*p**2 - 70*p + 4. What is y(-5)?
-21
Let c(z) = 2*z + 12. Determine c(-7).
-2
Let p(r) = -5*r - 5. Calculate p(1).
-10
Let i(f) = -f**2 - 3*f - 18. Give i(0).
-18
Let l(r) = 2*r**2 + 9*r - 13. Calculate l(-6).
5
Let k(p) = -21*p + 84. Determine k(4).
0
Let d(x) = -x**3 + 11*x**2 + 28*x - 11. Give d(13).
15
Let r(v) = v**3 - 5*v + 7. Calculate r(-3).
-5
Let k(y) = -2*y - 14. Give k(-11).
8
Let y(w) = 2*w**3 - 3*w**2 - 2*w + 1. Determine y(-2).
-23
Let s(k) = -61*k**2. What is s(-1)?
-61
Let z(j) = -j**2 - 7*j